{"id":23360,"date":"2025-10-29T16:45:04","date_gmt":"2025-10-29T16:45:04","guid":{"rendered":"https:\/\/povratnici.hr\/?page_id=23360"},"modified":"2025-10-29T17:51:00","modified_gmt":"2025-10-29T17:51:00","slug":"inspire-nekretnine","status":"publish","type":"page","link":"https:\/\/povratnici.hr\/index.php\/inspire-nekretnine\/","title":{"rendered":"INSPIRE NEKRETNINE"},"content":{"rendered":"\n<figure class=\"wp-block-image size-large\"><a href=\"https:\/\/inspire-nekretnine.hr\/\" target=\"_blank\" rel=\" noreferrer noopener\"><img fetchpriority=\"high\" decoding=\"async\" width=\"1024\" height=\"243\" src=\"data:image\/gif;base64,R0lGODlhAQABAAAAACH5BAEKAAEALAAAAAABAAEAAAICTAEAOw==\" data-src=\"https:\/\/povratnici.hr\/wp-content\/uploads\/2025\/10\/Inspire-nekretnine-1024x243.png\" alt=\"\" class=\"wp-image-23351 lazyload\" data-sizes=\"auto\" data-srcset=\"https:\/\/povratnici.hr\/wp-content\/uploads\/2025\/10\/Inspire-nekretnine-1024x243.png 1024w, https:\/\/povratnici.hr\/wp-content\/uploads\/2025\/10\/Inspire-nekretnine-300x71.png 300w, https:\/\/povratnici.hr\/wp-content\/uploads\/2025\/10\/Inspire-nekretnine-768x182.png 768w, https:\/\/povratnici.hr\/wp-content\/uploads\/2025\/10\/Inspire-nekretnine-1536x365.png 1536w, https:\/\/povratnici.hr\/wp-content\/uploads\/2025\/10\/Inspire-nekretnine-1600x380.png 1600w, https:\/\/povratnici.hr\/wp-content\/uploads\/2025\/10\/Inspire-nekretnine-1100x261.png 1100w, https:\/\/povratnici.hr\/wp-content\/uploads\/2025\/10\/Inspire-nekretnine-680x161.png 680w, https:\/\/povratnici.hr\/wp-content\/uploads\/2025\/10\/Inspire-nekretnine-200x47.png 200w, https:\/\/povratnici.hr\/wp-content\/uploads\/2025\/10\/Inspire-nekretnine-20x5.png 20w, https:\/\/povratnici.hr\/wp-content\/uploads\/2025\/10\/Inspire-nekretnine.png 1871w\" sizes=\"(max-width: 1024px) 100vw, 1024px\" \/><\/a><\/figure>\n\n\n\n<figure class=\"wp-block-image size-large\"><a href=\"https:\/\/inspire-nekretnine.hr\/nekretnina\/kuca\/109549-prodaja-kuca-dvojna-primorsko-goranska-zupanija-malinska\" target=\"_blank\" rel=\" noreferrer noopener\"><img decoding=\"async\" width=\"1024\" height=\"768\" src=\"data:image\/gif;base64,R0lGODlhAQABAAAAACH5BAEKAAEALAAAAAABAAEAAAICTAEAOw==\" data-src=\"https:\/\/povratnici.hr\/wp-content\/uploads\/2025\/10\/20230831-180401__wVDv6Bt7-4000x3000-1-1024x768.webp\" alt=\"\" class=\"wp-image-23370 lazyload\" data-sizes=\"auto\" data-srcset=\"https:\/\/povratnici.hr\/wp-content\/uploads\/2025\/10\/20230831-180401__wVDv6Bt7-4000x3000-1-1024x768.webp 1024w, https:\/\/povratnici.hr\/wp-content\/uploads\/2025\/10\/20230831-180401__wVDv6Bt7-4000x3000-1-300x225.webp 300w, https:\/\/povratnici.hr\/wp-content\/uploads\/2025\/10\/20230831-180401__wVDv6Bt7-4000x3000-1-768x576.webp 768w, https:\/\/povratnici.hr\/wp-content\/uploads\/2025\/10\/20230831-180401__wVDv6Bt7-4000x3000-1-680x510.webp 680w, https:\/\/povratnici.hr\/wp-content\/uploads\/2025\/10\/20230831-180401__wVDv6Bt7-4000x3000-1-200x150.webp 200w, https:\/\/povratnici.hr\/wp-content\/uploads\/2025\/10\/20230831-180401__wVDv6Bt7-4000x3000-1-20x15.webp 20w, https:\/\/povratnici.hr\/wp-content\/uploads\/2025\/10\/20230831-180401__wVDv6Bt7-4000x3000-1.webp 1067w\" sizes=\"(max-width: 1024px) 100vw, 1024px\" \/><\/a><\/figure>\n\n\n\n<p><a href=\"https:\/\/inspire-nekretnine.hr\/nekretnina\/kuca\/109549-prodaja-kuca-dvojna-primorsko-goranska-zupanija-malinska\" target=\"_blank\" rel=\"noreferrer noopener\"><strong>Malinska, Otok Krk<\/strong> &#8211; ku\u0107a s dva stana i prekrasnim pogledom<\/a><br><\/p>\n\n\n\n<figure class=\"wp-block-image size-large\"><a href=\"https:\/\/inspire-nekretnine.hr\/nekretnina\/stan\/108558-prodaja-stan-2-5-sobni-2sdb-primorsko-goranska-zupanija-rijeka\" target=\"_blank\" rel=\" noreferrer noopener\"><img decoding=\"async\" width=\"1024\" height=\"768\" src=\"data:image\/gif;base64,R0lGODlhAQABAAAAACH5BAEKAAEALAAAAAABAAEAAAICTAEAOw==\" data-src=\"https:\/\/povratnici.hr\/wp-content\/uploads\/2025\/10\/ve-ica-dvosoban-stan-renoviran__0UkYUbBc-4000x3000-1-1024x768.webp\" alt=\"\" class=\"wp-image-23374 lazyload\" data-sizes=\"auto\" data-srcset=\"https:\/\/povratnici.hr\/wp-content\/uploads\/2025\/10\/ve-ica-dvosoban-stan-renoviran__0UkYUbBc-4000x3000-1-1024x768.webp 1024w, https:\/\/povratnici.hr\/wp-content\/uploads\/2025\/10\/ve-ica-dvosoban-stan-renoviran__0UkYUbBc-4000x3000-1-300x225.webp 300w, https:\/\/povratnici.hr\/wp-content\/uploads\/2025\/10\/ve-ica-dvosoban-stan-renoviran__0UkYUbBc-4000x3000-1-768x576.webp 768w, https:\/\/povratnici.hr\/wp-content\/uploads\/2025\/10\/ve-ica-dvosoban-stan-renoviran__0UkYUbBc-4000x3000-1-680x510.webp 680w, https:\/\/povratnici.hr\/wp-content\/uploads\/2025\/10\/ve-ica-dvosoban-stan-renoviran__0UkYUbBc-4000x3000-1-200x150.webp 200w, https:\/\/povratnici.hr\/wp-content\/uploads\/2025\/10\/ve-ica-dvosoban-stan-renoviran__0UkYUbBc-4000x3000-1-20x15.webp 20w, https:\/\/povratnici.hr\/wp-content\/uploads\/2025\/10\/ve-ica-dvosoban-stan-renoviran__0UkYUbBc-4000x3000-1.webp 1067w\" sizes=\"(max-width: 1024px) 100vw, 1024px\" \/><\/a><\/figure>\n\n\n\n<p><a href=\"https:\/\/inspire-nekretnine.hr\/nekretnina\/stan\/108558-prodaja-stan-2-5-sobni-2sdb-primorsko-goranska-zupanija-rijeka\" data-type=\"link\" data-id=\"https:\/\/inspire-nekretnine.hr\/nekretnina\/stan\/108558-prodaja-stan-2-5-sobni-2sdb-primorsko-goranska-zupanija-rijeka\" target=\"_blank\" rel=\"noreferrer noopener\"><strong>Gornja Ve\u017eica<\/strong>, 2S+DB Stan, renoviran, namje\u0161ten, panoramski pogled<\/a><\/p>\n\n\n\n<p><\/p>\n\n\n\n<figure class=\"wp-block-image size-large\"><a href=\"https:\/\/inspire-nekretnine.hr\/nekretnina\/stan\/106256-prodaja-stan-3-5-sobni-3sdb-primorsko-goranska-zupanija-rijeka\" target=\"_blank\" rel=\" noreferrer noopener\"><img loading=\"lazy\" decoding=\"async\" width=\"1024\" height=\"576\" src=\"data:image\/gif;base64,R0lGODlhAQABAAAAACH5BAEKAAEALAAAAAABAAEAAAICTAEAOw==\" data-src=\"https:\/\/povratnici.hr\/wp-content\/uploads\/2025\/10\/wohnung-im-erdgeschoss-eigenes-pool-grosser-garten.jpg__SyuyIEKy-1600x900-1-1024x576.webp\" alt=\"\" class=\"wp-image-23376 lazyload\" data-sizes=\"auto\" data-srcset=\"https:\/\/povratnici.hr\/wp-content\/uploads\/2025\/10\/wohnung-im-erdgeschoss-eigenes-pool-grosser-garten.jpg__SyuyIEKy-1600x900-1-1024x576.webp 1024w, https:\/\/povratnici.hr\/wp-content\/uploads\/2025\/10\/wohnung-im-erdgeschoss-eigenes-pool-grosser-garten.jpg__SyuyIEKy-1600x900-1-300x169.webp 300w, https:\/\/povratnici.hr\/wp-content\/uploads\/2025\/10\/wohnung-im-erdgeschoss-eigenes-pool-grosser-garten.jpg__SyuyIEKy-1600x900-1-768x432.webp 768w, https:\/\/povratnici.hr\/wp-content\/uploads\/2025\/10\/wohnung-im-erdgeschoss-eigenes-pool-grosser-garten.jpg__SyuyIEKy-1600x900-1-1100x619.webp 1100w, https:\/\/povratnici.hr\/wp-content\/uploads\/2025\/10\/wohnung-im-erdgeschoss-eigenes-pool-grosser-garten.jpg__SyuyIEKy-1600x900-1-680x382.webp 680w, https:\/\/povratnici.hr\/wp-content\/uploads\/2025\/10\/wohnung-im-erdgeschoss-eigenes-pool-grosser-garten.jpg__SyuyIEKy-1600x900-1-200x112.webp 200w, https:\/\/povratnici.hr\/wp-content\/uploads\/2025\/10\/wohnung-im-erdgeschoss-eigenes-pool-grosser-garten.jpg__SyuyIEKy-1600x900-1-20x11.webp 20w, https:\/\/povratnici.hr\/wp-content\/uploads\/2025\/10\/wohnung-im-erdgeschoss-eigenes-pool-grosser-garten.jpg__SyuyIEKy-1600x900-1.webp 1140w\" sizes=\"(max-width: 1024px) 100vw, 1024px\" \/><\/a><\/figure>\n\n\n\n<p><a href=\"https:\/\/inspire-nekretnine.hr\/nekretnina\/stan\/106256-prodaja-stan-3-5-sobni-3sdb-primorsko-goranska-zupanija-rijeka\" data-type=\"page\" data-id=\"23309\" target=\"_blank\" rel=\"noreferrer noopener\"><strong>RIJEKA:<\/strong> Ekskluzivan stan s panoramskim pogledom i vlastitim bazenom (prizemlje)<\/a><\/p>\n\n\n\n<p><\/p>\n\n\n\n<figure class=\"wp-block-image size-large\"><a href=\"https:\/\/inspire-nekretnine.hr\/nekretnina\/stan\/106258-prodaja-stan-3-5-sobni-3sdb-primorsko-goranska-zupanija-rijeka\" target=\"_blank\" rel=\" noreferrer noopener\"><img loading=\"lazy\" decoding=\"async\" width=\"1024\" height=\"576\" src=\"data:image\/gif;base64,R0lGODlhAQABAAAAACH5BAEKAAEALAAAAAABAAEAAAICTAEAOw==\" data-src=\"https:\/\/povratnici.hr\/wp-content\/uploads\/2025\/10\/wohnung-im-2-stock-dachterrasse-meerblick-pool.jpg__g0zJtn2W-1600x900-1-1024x576.webp\" alt=\"\" class=\"wp-image-23379 lazyload\" data-sizes=\"auto\" data-srcset=\"https:\/\/povratnici.hr\/wp-content\/uploads\/2025\/10\/wohnung-im-2-stock-dachterrasse-meerblick-pool.jpg__g0zJtn2W-1600x900-1-1024x576.webp 1024w, https:\/\/povratnici.hr\/wp-content\/uploads\/2025\/10\/wohnung-im-2-stock-dachterrasse-meerblick-pool.jpg__g0zJtn2W-1600x900-1-300x169.webp 300w, https:\/\/povratnici.hr\/wp-content\/uploads\/2025\/10\/wohnung-im-2-stock-dachterrasse-meerblick-pool.jpg__g0zJtn2W-1600x900-1-768x432.webp 768w, https:\/\/povratnici.hr\/wp-content\/uploads\/2025\/10\/wohnung-im-2-stock-dachterrasse-meerblick-pool.jpg__g0zJtn2W-1600x900-1-1100x619.webp 1100w, https:\/\/povratnici.hr\/wp-content\/uploads\/2025\/10\/wohnung-im-2-stock-dachterrasse-meerblick-pool.jpg__g0zJtn2W-1600x900-1-680x382.webp 680w, https:\/\/povratnici.hr\/wp-content\/uploads\/2025\/10\/wohnung-im-2-stock-dachterrasse-meerblick-pool.jpg__g0zJtn2W-1600x900-1-200x112.webp 200w, https:\/\/povratnici.hr\/wp-content\/uploads\/2025\/10\/wohnung-im-2-stock-dachterrasse-meerblick-pool.jpg__g0zJtn2W-1600x900-1-20x11.webp 20w, https:\/\/povratnici.hr\/wp-content\/uploads\/2025\/10\/wohnung-im-2-stock-dachterrasse-meerblick-pool.jpg__g0zJtn2W-1600x900-1.webp 1140w\" sizes=\"(max-width: 1024px) 100vw, 1024px\" \/><\/a><\/figure>\n\n\n\n<p><a href=\"https:\/\/inspire-nekretnine.hr\/nekretnina\/stan\/106258-prodaja-stan-3-5-sobni-3sdb-primorsko-goranska-zupanija-rijeka\" target=\"_blank\" rel=\"noreferrer noopener\"><strong>RIJEKA:<\/strong> Ekskluzivan stan s krovnom terasom, pogledom na more i bazenom (2.kat)<\/a><\/p>\n\n\n\n<p><\/p>\n\n\n\n<figure class=\"wp-block-image size-full\"><a href=\"https:\/\/inspire-nekretnine.hr\/nekretnina\/kuca\/99111-prodaja-kuca-vila-istarska-zupanija-labin\" target=\"_blank\" rel=\" noreferrer noopener\"><img loading=\"lazy\" decoding=\"async\" width=\"1014\" height=\"800\" src=\"data:image\/gif;base64,R0lGODlhAQABAAAAACH5BAEKAAEALAAAAAABAAEAAAICTAEAOw==\" data-src=\"https:\/\/povratnici.hr\/wp-content\/uploads\/2025\/10\/vila-sa-bazenom-u-istri__3PdGXRth-3804x3000-1.webp\" alt=\"\" class=\"wp-image-23382 lazyload\" data-sizes=\"auto\" data-srcset=\"https:\/\/povratnici.hr\/wp-content\/uploads\/2025\/10\/vila-sa-bazenom-u-istri__3PdGXRth-3804x3000-1.webp 1014w, https:\/\/povratnici.hr\/wp-content\/uploads\/2025\/10\/vila-sa-bazenom-u-istri__3PdGXRth-3804x3000-1-300x237.webp 300w, https:\/\/povratnici.hr\/wp-content\/uploads\/2025\/10\/vila-sa-bazenom-u-istri__3PdGXRth-3804x3000-1-768x606.webp 768w, https:\/\/povratnici.hr\/wp-content\/uploads\/2025\/10\/vila-sa-bazenom-u-istri__3PdGXRth-3804x3000-1-680x536.webp 680w, https:\/\/povratnici.hr\/wp-content\/uploads\/2025\/10\/vila-sa-bazenom-u-istri__3PdGXRth-3804x3000-1-200x158.webp 200w, https:\/\/povratnici.hr\/wp-content\/uploads\/2025\/10\/vila-sa-bazenom-u-istri__3PdGXRth-3804x3000-1-20x16.webp 20w\" sizes=\"(max-width: 1014px) 100vw, 1014px\" \/><\/a><\/figure>\n\n\n\n<p><a href=\"https:\/\/inspire-nekretnine.hr\/nekretnina\/kuca\/99111-prodaja-kuca-vila-istarska-zupanija-labin\" target=\"_blank\" rel=\"noreferrer noopener\"><strong>LABIN<\/strong> &#8211; Moderna vila s bazenom i velikom oku\u0107nicom u mirnom dijelu Istre<\/a><\/p>\n","protected":false},"excerpt":{"rendered":"<p>Malinska, Otok Krk &#8211; ku\u0107a s dva stana i prekrasnim pogledom Gornja Ve\u017eica, 2S+DB Stan, renoviran, namje\u0161ten, panoramski pogled RIJEKA: Ekskluzivan stan s panoramskim pogledom i vlastitim bazenom (prizemlje) RIJEKA: Ekskluzivan stan s krovnom terasom, pogledom na more i bazenom (2.kat) LABIN &#8211; Moderna vila s bazenom i velikom oku\u0107nicom u mirnom dijelu Istre<\/p>\n","protected":false},"author":1,"featured_media":0,"parent":0,"menu_order":0,"comment_status":"closed","ping_status":"closed","template":"","meta":{"footnotes":""},"class_list":["post-23360","page","type-page","status-publish","hentry"],"jetpack_sharing_enabled":true,"_links":{"self":[{"href":"https:\/\/povratnici.hr\/index.php\/wp-json\/wp\/v2\/pages\/23360","targetHints":{"allow":["GET"]}}],"collection":[{"href":"https:\/\/povratnici.hr\/index.php\/wp-json\/wp\/v2\/pages"}],"about":[{"href":"https:\/\/povratnici.hr\/index.php\/wp-json\/wp\/v2\/types\/page"}],"author":[{"embeddable":true,"href":"https:\/\/povratnici.hr\/index.php\/wp-json\/wp\/v2\/users\/1"}],"replies":[{"embeddable":true,"href":"https:\/\/povratnici.hr\/index.php\/wp-json\/wp\/v2\/comments?post=23360"}],"version-history":[{"count":7,"href":"https:\/\/povratnici.hr\/index.php\/wp-json\/wp\/v2\/pages\/23360\/revisions"}],"predecessor-version":[{"id":23383,"href":"https:\/\/povratnici.hr\/index.php\/wp-json\/wp\/v2\/pages\/23360\/revisions\/23383"}],"wp:attachment":[{"href":"https:\/\/povratnici.hr\/index.php\/wp-json\/wp\/v2\/media?parent=23360"}],"curies":[{"name":"wp","href":"https:\/\/api.w.org\/{rel}","templated":true}]}}