{"id":23347,"date":"2025-10-29T15:33:11","date_gmt":"2025-10-29T15:33:11","guid":{"rendered":"https:\/\/povratnici.hr\/?page_id=23347"},"modified":"2025-10-29T17:57:34","modified_gmt":"2025-10-29T17:57:34","slug":"nekretnine","status":"publish","type":"page","link":"https:\/\/povratnici.hr\/index.php\/nekretnine\/","title":{"rendered":"NEKRETNINE"},"content":{"rendered":"\n<figure class=\"wp-block-image size-large\"><a href=\"https:\/\/inspire-nekretnine.hr\/\" target=\"_blank\" rel=\" noreferrer noopener\"><img fetchpriority=\"high\" decoding=\"async\" width=\"1024\" height=\"243\" src=\"data:image\/gif;base64,R0lGODlhAQABAAAAACH5BAEKAAEALAAAAAABAAEAAAICTAEAOw==\" data-src=\"https:\/\/povratnici.hr\/wp-content\/uploads\/2025\/10\/Inspire-nekretnine-1024x243.png\" alt=\"\" class=\"wp-image-23351 lazyload\" data-sizes=\"auto\" data-srcset=\"https:\/\/povratnici.hr\/wp-content\/uploads\/2025\/10\/Inspire-nekretnine-1024x243.png 1024w, https:\/\/povratnici.hr\/wp-content\/uploads\/2025\/10\/Inspire-nekretnine-300x71.png 300w, https:\/\/povratnici.hr\/wp-content\/uploads\/2025\/10\/Inspire-nekretnine-768x182.png 768w, https:\/\/povratnici.hr\/wp-content\/uploads\/2025\/10\/Inspire-nekretnine-1536x365.png 1536w, https:\/\/povratnici.hr\/wp-content\/uploads\/2025\/10\/Inspire-nekretnine-1600x380.png 1600w, https:\/\/povratnici.hr\/wp-content\/uploads\/2025\/10\/Inspire-nekretnine-1100x261.png 1100w, https:\/\/povratnici.hr\/wp-content\/uploads\/2025\/10\/Inspire-nekretnine-680x161.png 680w, https:\/\/povratnici.hr\/wp-content\/uploads\/2025\/10\/Inspire-nekretnine-200x47.png 200w, https:\/\/povratnici.hr\/wp-content\/uploads\/2025\/10\/Inspire-nekretnine-20x5.png 20w, https:\/\/povratnici.hr\/wp-content\/uploads\/2025\/10\/Inspire-nekretnine.png 1871w\" sizes=\"(max-width: 1024px) 100vw, 1024px\" \/><\/a><\/figure>\n\n\n\n<p><strong>U kategoriji Suradnici \u2013 Nekretnine prona\u0107i \u0107ete suradnike projekta Povratnici.hr koji su stru\u010dnjaci u sektoru nekretnina.<\/strong><\/p>\n\n\n\n<p>Cilj je omogu\u0107iti pomo\u0107 i povezivanje me\u0111u povratnicima sa stru\u010dnjacima u podru\u010dju trgovine nekretninama.<\/p>\n\n\n\n<p><strong>Ukoliko ste i sami zainteresirani za suradnju s portalom Povratnici.hr, javite nam se na na\u0161 e-mail:<\/strong><br><br><strong>info@povratnici.hr<\/strong><\/p>\n","protected":false},"excerpt":{"rendered":"<p>U kategoriji Suradnici \u2013 Nekretnine prona\u0107i \u0107ete suradnike projekta Povratnici.hr koji su stru\u010dnjaci u sektoru nekretnina. Cilj je omogu\u0107iti pomo\u0107 i povezivanje me\u0111u povratnicima sa stru\u010dnjacima u podru\u010dju trgovine nekretninama. Ukoliko ste i sami zainteresirani za suradnju s portalom Povratnici.hr, javite nam se na na\u0161 e-mail: info@povratnici.hr<\/p>\n","protected":false},"author":1,"featured_media":23387,"parent":0,"menu_order":0,"comment_status":"closed","ping_status":"closed","template":"","meta":{"footnotes":""},"class_list":["post-23347","page","type-page","status-publish","has-post-thumbnail","hentry"],"jetpack_sharing_enabled":true,"_links":{"self":[{"href":"https:\/\/povratnici.hr\/index.php\/wp-json\/wp\/v2\/pages\/23347","targetHints":{"allow":["GET"]}}],"collection":[{"href":"https:\/\/povratnici.hr\/index.php\/wp-json\/wp\/v2\/pages"}],"about":[{"href":"https:\/\/povratnici.hr\/index.php\/wp-json\/wp\/v2\/types\/page"}],"author":[{"embeddable":true,"href":"https:\/\/povratnici.hr\/index.php\/wp-json\/wp\/v2\/users\/1"}],"replies":[{"embeddable":true,"href":"https:\/\/povratnici.hr\/index.php\/wp-json\/wp\/v2\/comments?post=23347"}],"version-history":[{"count":5,"href":"https:\/\/povratnici.hr\/index.php\/wp-json\/wp\/v2\/pages\/23347\/revisions"}],"predecessor-version":[{"id":23389,"href":"https:\/\/povratnici.hr\/index.php\/wp-json\/wp\/v2\/pages\/23347\/revisions\/23389"}],"wp:featuredmedia":[{"embeddable":true,"href":"https:\/\/povratnici.hr\/index.php\/wp-json\/wp\/v2\/media\/23387"}],"wp:attachment":[{"href":"https:\/\/povratnici.hr\/index.php\/wp-json\/wp\/v2\/media?parent=23347"}],"curies":[{"name":"wp","href":"https:\/\/api.w.org\/{rel}","templated":true}]}}